-- MySQL Administrator dump 1.4
--
-- ------------------------------------------------------





--
-- Create schema firstrails
--

CREATE DATABASE /*!32312 IF NOT EXISTS*/ firstrails;
USE firstrails;


--
-- Table structure for table `firstrails`.`eigenschafts`
--

CREATE TABLE `eigenschafts` (
  `id` int(11) NOT NULL auto_increment,
  `name` varchar(50) NOT NULL,
  `beschreibung` varchar(100) NOT NULL,
  `anmerkung` varchar(1000) NOT NULL,
  `gruppeneigenschaft` int(11) NOT NULL,
  `art` varchar(50) NOT NULL,
  `verwendung` varchar(1000) NOT NULL,
  PRIMARY KEY  (`id`),
  KEY `name` (`name`),
  KEY `gruppeneigenschaft` (`gruppeneigenschaft`),
  KEY `art` (`art`(10))
) ENGINE=InnoDB DEFAULT CHARSET=latin1;

--
-- Dumping data for table `firstrails`.`eigenschafts`
--

INSERT INTO `eigenschafts` (`id`,`name`,`beschreibung`,`anmerkung`,`gruppeneigenschaft`,`art`,`verwendung`) VALUES 
 (1,'Thema','Gruppierung von Inhalten','Zusammenfassung von Inhalten unter einem gemeinsamen Gesichtspunkt',0,'Inhalt','{\"Eigenschaft[iiJiN'),
 (2,'System','technische Arbeitsgrundlage','technisch grundlegende Dinge und Prozesse, die zur Erfüllung einer gemeinsamen Aufgabe erforderlich sind',1,'Inhalt','{\"Eigenschaft[i	i\n'),
 (3,'Daten','beschreibende Angaben über Inhalte','Nützliches und Interessantes zur zufriedenstellenden Beschreibung eines Inhaltes in computertauglicher Form',31,'Inhalt','{\"Eigenschaft[i7iOi['),
 (4,'Modul','Gruppierung von Daten','Zusammenfassung von unterschiedlichen Daten über unterschiedliche Inhalte unter einem gemeinsamen Gesichtspunkt',2,'Inhalt','{\"	Feld[i'),
 (5,'Datenbank','Sammlung von Daten über Inhalte','technisch gleichartige Zusammenfassung unterschiedlicher Daten über unterschiedliche Inhalte zur dauerhaft Speicherung',2,'Inhalt','{\"Eigenschaft[ii\"	Feld[i'),
 (6,'Adapter','Zugang zur Datenbank','Portal für die technisch gleichartigen Verarbeitungsmöglichkeiten der in der Datenbank gesammelten Daten',5,'Inhalt','{\"	Feld[i');
INSERT INTO `eigenschafts` (`id`,`name`,`beschreibung`,`anmerkung`,`gruppeneigenschaft`,`art`,`verwendung`) VALUES 
 (7,'Datei','Daten über Inhalte','Sammlung von unterschiedlichen Daten über gleichartige Inhalte in einer Datenbank',5,'Inhalt','{\"Eigenschaft[\ri\riiiiiii­\"	Feld[i#'),
 (8,'Datensatz','Realisierung eines Inhaltes','Daten über ein existierendes Exemplar eines Inhaltes',7,'Inhalt',''),
 (9,'Feld','Datenbestandteile über Inhalte','gleichartige Daten über gleichartige Inhalte',7,'Inhalt','{\"Eigenschaft[iiii\'i(i)i*i+i,i-i.i/i0i1i2i3i4i5i6'),
 (10,'DateiID','Datei-Identifikationsnummer','eindeutige Kennung der Datei',7,'Identifikator','{\"	Feld[i'),
 (11,'DateiName','Name der Datei','Bezeichnung der Datei ',7,'Name','{\"	Feld[i\n'),
 (12,'DateiBeschreibung','Beschreibung der Datei','Erläuterungen zur Datei ',7,'Beschreibung','{\"	Feld[i'),
 (13,'DateiUmfang','Anzahl von Datensätzen','Zahl der vorhandenen oder zu erwartenden Datensätze der Datei',7,'Beschreibung','{\"	Feld[i'),
 (14,'Key','Schlüsselfelder','technische Besonderheit von Dateifeldern zur besseren Suchbarkeit',9,'Beschreibung','{\"	Feld[i');
INSERT INTO `eigenschafts` (`id`,`name`,`beschreibung`,`anmerkung`,`gruppeneigenschaft`,`art`,`verwendung`) VALUES 
 (15,'Klassifizierer','Klassifizierer','ausschließende Typisierung von Datensätzen',9,'Typ','{\"	Feld[i'),
 (16,'Feldliste','Dateifelder','Auflistung der in der Datei vorhandenen Felder',7,'Redundanz','{\"	Feld[i\r'),
 (17,'Eigenschaft','elementarer Teil der Wesensart eines Inhalts','charakteristisches Merkmal einer Eigenschaft ist es, unterschiedliche Werte annehmen zu können und über die unterschiedlichen Werte die verschiedenen Exemplare des Inhalts zu erzeugen',73,'Inhalt','{\"Eigenschaft[iiii\Ziii\"	Feld[i)'),
 (18,'EigenID','Eigenschafts-Identifikationsnummer','eindeutige Kennung der Eigenschaft',17,'Identifikator','{\"	Feld[i\Z'),
 (19,'EigenName','Name der Eigenschaft','Bezeichnung der Eigenschaft',17,'Name','{\"	Feld[i'),
 (20,'EigenBeschreibung','Beschreibung der Eigenschaft','Erläuterungen zur Eigenschaft',17,'Beschreibung','{\"	Feld[i'),
 (21,'EigenAnmerkung','Anmerkung zur Eigenschaft','weitere Erläuterungen und Hinweise zur Eigenschaft',17,'Anmerkung','{\"	Feld[i');
INSERT INTO `eigenschafts` (`id`,`name`,`beschreibung`,`anmerkung`,`gruppeneigenschaft`,`art`,`verwendung`) VALUES 
 (22,'EigenGruppe','übergeordnete Eigenschaft','Eigenschaft, von der die aktuelle Eigenschaft ein Bestandteil ist',17,'Art','{\"	Feld[i'),
 (23,'EigenArt','generelle Art der Eigenschaft','grundlegendes Merkmal der Eigenschaft',17,'Typ','{\"	Feld[i'),
 (24,'EigenVerwendung','Verwendung der Eigenschaft','Module und Dateien, in der diese Eigenschaft beschrieben wird',17,'Redundanz','{\"	Feld[i'),
 (25,'Liste','Werte eines Feldes','Realisierungen der unterschiedlichen Ausprägungen, die die Eigenschaft annehmen kann, die von dem Feld repräsentiert wird',9,'Inhalt','{\"Eigenschaft[	ii i!i\"\"	Feld[i'),
 (26,'ListenID','Listen-Identifikationsnummer','eindeutige Kennung der Liste',25,'Identifikator','{\"	Feld[i	'),
 (27,'ListenName','Name der Liste','Bezeichnung der Liste',25,'Name',''),
 (28,'ListKey','Wert einer Liste','einzelner Wert, den eine Liste vorweisen kann',25,'Name','{\"	Feld[i'),
 (29,'ListenBeschreibung','Beschreibung der Liste','Erläuterungen und Hinweise zur Liste',25,'Beschreibung','{\"	Feld[i');
INSERT INTO `eigenschafts` (`id`,`name`,`beschreibung`,`anmerkung`,`gruppeneigenschaft`,`art`,`verwendung`) VALUES 
 (30,'Akteur','Ursachen von Veränderungen','Personen und Systeme, die an und mit Inhalten dauerhafte Veränderungen bewirken können',73,'Inhalt','{\"Eigenschaft[i&ik'),
 (31,'Ding','Gegenstand von Veränderungen','Inhalt, der dem Wirken von Akteuren unterliegt',73,'Inhalt','{\"Eigenschaft[ii%i?'),
 (32,'Produkt','Erzeugnis einer Firma','Endergebnis eines Firmen-Prozesses',31,'Inhalt','{\"Eigenschaft[iBiC'),
 (33,'Person','einfache handlungsfähige Einheiten','Personen sind Menschen (natürliche Personen)',30,'Inhalt','{\"Eigenschaft[i:i<'),
 (34,'FeldID','Feld-Identifikation','eindeutige Kennung des Feldes',9,'Identifikator','{\"	Feld[i$'),
 (35,'FeldName','Name des Feldes','Bezeichnung des Feldes',9,'Name','{\"	Feld[i'),
 (36,'FeldBeschreibung','Beschreibung des Feldes','Erläuterungen zum Feld',9,'Beschreibung','{\"	Feld[i!'),
 (37,'Redundanz','Inhaltsbestimmendes Feld','Redundanz liegt vor, wenn ein Sachverhalt doppelt vorhanden ist und wird meistens aus Bequemlichkeit genutzt.',9,'Beschreibung','{\"	Feld[i\'');
INSERT INTO `eigenschafts` (`id`,`name`,`beschreibung`,`anmerkung`,`gruppeneigenschaft`,`art`,`verwendung`) VALUES 
 (38,'Umfang','Anzahl der Feldwerte','Anzahl der möglichen Feldwerte',9,'Beschreibung','{\"	Feld[i&'),
 (39,'Eigengewicht','Kennzahl aus dem Feldumfang','Das Eigengewicht bestimmt sich im wesentlichen aus dem Kehrwert der Anzahl möglicher Feldwerte',9,'Beschreibung','{\"	Feld[i'),
 (40,'Tentakelzahl','Anzahl der Eigenschaftsverwendungen','Die Tentakelzahl gibt an, wie oft die Eigenschaft des Feldes im betrachteten Dateiverbund vorkommt und misst damit die \"Wichtigkeit\" des Inhaltes, der in dem betrachteten Feld gespeichert ist.',9,'Inhalt','{\"	Feld[i+'),
 (41,'Profilgewicht','Kennzahl aus der Tentakelzahl','Normierter Wert, um die Bedeutung des Feldinhaltes im betrachteten Dateiverbund zu beschreiben.',9,'Beschreibung','{\"	Feld[i('),
 (42,'Vorgaenger','Herkunftsfeld','Der Vorgänger ist ein Feld, dessen Inhalt zur Erzeugung des Wertes im betrachteten Feld verwendet wurde.',9,'Inhalt','{\"	Feld[i '),
 (43,'Portaldistanz','Kennzahl aus dem Vorgänger','Die Portaldistanz beschreibt die \"Länge\" der Vorgängerkette, die sich ausgehend vom betrachteten Feld über dessen Vorgänger ergibt. Sie ist damit ein Maß für die \"Indirektheit\" des Feldwertes.',9,'Beschreibung','{\"	Feld[i-');
INSERT INTO `eigenschafts` (`id`,`name`,`beschreibung`,`anmerkung`,`gruppeneigenschaft`,`art`,`verwendung`) VALUES 
 (44,'Portalgewicht','Kennzahl aus der Portaldistanz','Normierter Wert, um die \"Indirektheit\" des Feldinhaltes im betrachteten Dateiverbund zu beschreiben.',9,'Beschreibung','{\"	Feld[i'),
 (45,'Nachfolger','Zielfeld','Der Nachfolger ist ein Feld, dessen Inhalt aus dem Wert des betrachteten Feldes erzeugt wurde.',9,'Inhalt','{\"	Feld[i,'),
 (46,'Exitdistanz','Kennzahl aus dem Nachfolger','Die Exitdistanz beschreibt die \"Länge\" der Nachfolgerkette, die sich ausgehend vom betrachteten Feld über dessen Nachfolger ergibt. Sie ist damit ein Maß für die \"Dringlichkeit\" des Feldwertes.',9,'Beschreibung','{\"	Feld[i'),
 (47,'Exitgewicht','Kennzahl aus der Exitdistanz','Normierter Wert, um die \"Dringlichkeit\" des Feldinhaltes im betrachteten Dateiverbund zu beschreiben.',9,'Beschreibung','{\"	Feld[i\"'),
 (48,'TypAufgabe','Aufgabentyp','Typ, der sich aus den aufgabenbezogenen Feldwerten (Portal- und Exitgewicht) ergibt',9,'Typ','{\"	Feld[i*'),
 (49,'TypFeld','neue Eigenschaft','Typ, der sich aus den feldbezogenen Feldwerten (Eigen- und Profilgewicht) ergibt',9,'Typ','{\"	Feld[i%');
INSERT INTO `eigenschafts` (`id`,`name`,`beschreibung`,`anmerkung`,`gruppeneigenschaft`,`art`,`verwendung`) VALUES 
 (50,'Adresse','Ort einer Person oder Organisation','',3,'Anmerkung','{\"Eigenschaft[\ni8i9iwixiy'),
 (51,'AdressID','ID einer Adresse','eindeutige Kennung einer Adresse',50,'Identifikator',''),
 (52,'AdressName','Beschreibung einer Adresse','Bezeichnung einer Adresse',50,'Name',''),
 (53,'Mitarbeiter','natürliche Person der eigenen Firma','Mitarbeiter sind verantwortlich für Aufgaben, die während des laufenden Betriebs der Firma anfallen',33,'Inhalt','{\"Eigenschaft[i;iWizi{i|i}'),
 (54,'MitarbeiterID','ID von Mitarbeitern','eindeutige Kennung von Mitarbeitern',53,'Identifikator','{\"	Feld[i1i;iKiZibiqiwii‚i”'),
 (55,'Kunde','Person in erwerbendem Kontakt mit der Firma','Kunden sind Geschäftspartner der Firma, die kostenpflichtig Waren oder Dienstleistungen beziehen',33,'Inhalt','{\"Eigenschaft[i=iV'),
 (56,'KundeID','ID von Kunden','eindeutige Kennung für Kunden',55,'Identifikator','{\"	Feld[iVi^ix'),
 (57,'Vorgang','zeitlicher Zusammenhang zwischen Dingen oder Akteuren','einfaches oder komplexes Ereignis der Firma, das hervorgerufen, kontrolliert oder dokumentiert werden muss',69,'Inhalt','{\"Eigenschaft[iDiGiX');
INSERT INTO `eigenschafts` (`id`,`name`,`beschreibung`,`anmerkung`,`gruppeneigenschaft`,`art`,`verwendung`) VALUES 
 (58,'Dokument','Gegenstand, der Daten enthält','Ein Dokument enthält komplexe Daten unterschiedlicher Art.',31,'Inhalt','{\"Eigenschaft[i@iAifigihiiij'),
 (59,'DokumentID','ID eines Dokumentes','eindeutige Kennung von Dokumenten',58,'Inhalt','{\"	Feld[iNi„iš'),
 (60,'DokumentName','Name eines Dokumentes','Bezeichnung eines Dokumentes',58,'Name','{\"	Feld[i'),
 (61,'ProduktID','ID eines Produkts','eindeutige Kennung von Produkten',32,'Identifikator','{\"	Feld[ii“'),
 (62,'ProduktName','Name eines Produkts','Bezeichnung von Produkten',32,'Name',''),
 (63,'Prozess','mehrfach vorkommender komplexer Vorgang','Prozesse sind komplexe Firmenereignisse, die zumeist regelmäßig anfallen',57,'Inhalt','{\"Eigenschaft[iEiF'),
 (64,'ProzessID','ID von Prozessen','eindeutige Kennung von Prozessen',63,'Anmerkung',''),
 (65,'ProzessName','Name eines Prozesses','Beschreibung eines Prozesses',63,'Anmerkung',''),
 (66,'Projekt','einmalig vorkommender komplexer Vorgang','Projekte sind komplexe Firmenereignisse, die in der Regel jedoch nur einmal notwendig werden',57,'Inhalt','{\"Eigenschaft[iHiIi—i˜i™iši›i i§i¨');
INSERT INTO `eigenschafts` (`id`,`name`,`beschreibung`,`anmerkung`,`gruppeneigenschaft`,`art`,`verwendung`) VALUES 
 (67,'ProjektID','ID eines Projektes','eindeutige Kennung eines Projektes',66,'Identifikator','{\"	Feld[i0i8iIiYihip'),
 (68,'ProjektName','Name eines Projektes','Bezeichnung eines Projektes',66,'Name','{\"	Feld[i`'),
 (69,'Zusammenhang','Verbindung zwischen Dingen oder Akteuren','eindeutige Verknüpfung zeitlicher und/oder räumlicher Art zwischen Dingen, Strukturen und/oder Akteuren',1,'Inhalt','{\"Eigenschaft[i>iK'),
 (70,'Struktur','zeitunabhängiger Zusammenhang','Beziehung zwischen Dingen, Akteuren und Zusammenhängen ',69,'Anmerkung','{\"Eigenschaft[iLiMia'),
 (71,'StrukturID','ID einer Struktur','eindeutige Kennung einer Struktur',70,'Identifikator',''),
 (72,'StrukturName','Name einer Struktur','Bezeichnung einer Struktur',70,'Name',''),
 (73,'Inhalt','identifizierbare Bestandteile der Realität','Inhalte sind Repräsentationen von eigenständigen, identifizierbaren Teilen der Realität',1,'Inhalt','{\"Eigenschaft[ii#i$'),
 (74,'Texte','Inhalte in Schriftform','Texte sind alphanumerische Daten, die in der Regel verbal einen Sachverhalt beschreiben',3,'Inhalt','{\"Eigenschaft[	iPiSisi');
INSERT INTO `eigenschafts` (`id`,`name`,`beschreibung`,`anmerkung`,`gruppeneigenschaft`,`art`,`verwendung`) VALUES 
 (75,'Schlagwort','Beschreibung einer Eigenschaft','meist einfaches Wort zur Beschreibung einer als wesentlich eingestuften Eigenschaft eines Inhalts',74,'Inhalt','{\"Eigenschaft[\niQiRipiqir'),
 (76,'SchlagwortID','ID eines Schlagwortes','eindeutige Kennung eines Schlagwortes',75,'Identifikator','{\"	Feld[ii˜i™i›iŸi¢'),
 (77,'SchlagwortName','Name eines Schlagwortes','Bezeichnung für ein Schlagwort',75,'Name','{\"	Feld[i‰'),
 (78,'Kommentar','erläuternder Text','meist unstrukturierte Texte mit Hinweisen und Erläuterungen, zumeist zu einem bestimmten Anlass',74,'Inhalt','{\"Eigenschaft[\niTiUitiuiv'),
 (79,'KommentarID','ID eines Kommentars','eindeutige Kennung eines Kommentars',78,'Identifikator','{\"	Feld[i…'),
 (80,'KommentarName','Beschreibung eines Kommentars','Bezeichnung eines Kommentars',78,'Name',''),
 (81,'KundeName','Name von Kunden','Vor- und Zuname von Kunden, falls es sich um einzelne Menschen handelt oder Firmenbezeichnung, falls es Unternehmen sind',55,'Name','{\"	Feld[iv'),
 (82,'MitarbeiterName','Name von Mitarbeitern','Vor- und Zuname von Mitarbeitern sowie namensrelevante Titel',53,'Name','{\"	Feld[i|');
INSERT INTO `eigenschafts` (`id`,`name`,`beschreibung`,`anmerkung`,`gruppeneigenschaft`,`art`,`verwendung`) VALUES 
 (83,'Aufgabe','elementarer Vorgang','Aufgaben sind zeitlich, personell und materiell überschaubare Ereignisse mit einem genau beschriebenen Ergebnis. Sie sind die \"Grundbausteine\" von Projekten und Prozessen',57,'Inhalt','{\"Eigenschaft[iYiZi‰iŠi“i”i•i–i®'),
 (84,'AufgabeID','ID einer Aufgabe','eindeutige Kennung einer Aufgabe',83,'Identifikator','{\"	Feld[i2iAiMi[isit'),
 (85,'AufgabeName','Name einer Aufgabe','Bezeichnung für die Aufgabe',83,'Name','{\"	Feld[i7'),
 (86,'Kalender','Zeitübersicht','ein Kalender ist eine Darstellung zeitlicher Ordnung, üblicherweise in Tage, Monate und Jahre gegliedert, wobei die Tage noch in Uhrzeiten zerlegt werden',3,'Inhalt','{\"Eigenschaft[i\\i]i^i{i|i}i~'),
 (87,'KalenderID','ID eines Kalendern','eindeutige Kennung von Kalendern/Kalendereinträgen',86,'Identifikator','{\"	Feld[i5'),
 (88,'KalenderName','Beschreibung eines Kalenders','Bezeichnung von Kalendern',86,'Name','');
INSERT INTO `eigenschafts` (`id`,`name`,`beschreibung`,`anmerkung`,`gruppeneigenschaft`,`art`,`verwendung`) VALUES 
 (89,'Termin','elementarer Bestandteil von Kalendern','Termine sind Elemente mit Anfangs- und Endzeiten',86,'Inhalt','{\"Eigenschaft[	i_i`i~i\"	Feld[i‡'),
 (90,'TerminID','ID eines Termins','eindeutige Kennung von Terminen',89,'Identifikator','{\"	Feld[i/i]'),
 (91,'TerminName','Beschreibung eines Termins','Bezeichnung eines Termins wie Grund, Beteiligte oder Zweck',89,'Anmerkung','{\"	Feld[iX'),
 (92,'Link','einfacher zeitunabhängiger Zusammenhang','zeitunabhängige Verbindung zwischen zwei verschiedenen Inhalten wie Dingen, Akteuren oder Zusammenhängen ',70,'Inhalt','{\"Eigenschaft[	ibicidie'),
 (93,'LinkID','ID eines Links','eindeutige Kennung eines Links',92,'Anmerkung','{\"	Feld[iri¡'),
 (94,'LinkBaum','zum Link gehöriger Baum','Bezeichnung eines Baums, zu dem der Link gehört',92,'Name','{\"	Feld[i '),
 (95,'LinkTyp','Typ eines Links','Gruppierungsmerkmal für Links',92,'Typ','{\"	Feld[iž'),
 (96,'LinkPosition','Anordnung des Links in einem Verbund','Beschreibung der Stelle des Links in seiner größeren Struktur',92,'Beschreibung','{\"	Feld[iui£');
INSERT INTO `eigenschafts` (`id`,`name`,`beschreibung`,`anmerkung`,`gruppeneigenschaft`,`art`,`verwendung`) VALUES 
 (97,'DokumentTyp','Typ eines Dokumentes','Gruppierungsmerkmal von Dokumenten',58,'Typ','{\"	Feld[i'),
 (98,'DokumentStatus','Status eines Dokumentes','Zustandsbeschreibung für ein Dokument',58,'Status','{\"	Feld[iŽ'),
 (99,'DokumentFormat','Format des Dokumentes','physikalische Art und/oder Aufbau des Dokumentes',58,'Beschreibung','{\"	Feld[i‘'),
 (100,'Pfad','Pfad des Dokumentes','Beschreibung des Ortes des Originaldokumentes',58,'Beschreibung','{\"	Feld[i'),
 (101,'DokumentText','Text des Dokumentes','Verbaler Anteil, Bestandteil des Dokumentes, der nur aus Text besteht',58,'Beschreibung','{\"	Feld[i•'),
 (102,'Organisation','komplexe handlungsfähige Einheit','Organisationen sind Zusammenschlüsse von Menschen mit gemeinsamen Zielen und Ressourcen wie Firmen, Behörden oder Verbände',30,'Inhalt','{\"Eigenschaft[il'),
 (103,'Firma','profitorientierte Organisation','Eine Firma ist eine Organisation mit Profitabsicht',102,'Inhalt','{\"Eigenschaft[iminio');
INSERT INTO `eigenschafts` (`id`,`name`,`beschreibung`,`anmerkung`,`gruppeneigenschaft`,`art`,`verwendung`) VALUES 
 (104,'FirmaID','ID einer Firma','eindeutige Kennung einer Firma',103,'Identifikator',''),
 (105,'FirmaName','Name einer Firma','Bezeichnung einer Firma',103,'Name',''),
 (106,'Abteilung','Untereinheit von Mitarbeitern','Untergliederung einer Firma mit speziellen Aufgaben, Ressourcen und Mitarbeitern',103,'Inhalt','{\"	Feld[i†iœ'),
 (107,'SchlagwortTyp','Typ eines Schlagwortes','Gruppierungsmerkmal von Schlagworten',75,'Typ','{\"	Feld[	iˆi’i–i—'),
 (108,'SchlagwortArt','Art von Schlagworten','charakterisierender Typ eines Schlagwortes',75,'Art','{\"	Feld[iŠ'),
 (109,'SchlagwortExtern','Externe Repräsentation des Schlagworts','Vorkommen des Schlagwortes in externen Verzeichnissen, Thesauri oder Glossaren',75,'Beschreibung','{\"	Feld[i‹'),
 (110,'Phon','phonetische Umsetzung eines Textes','Darstellung des Textes in stilisierter, lautmalerischer Form',74,'Beschreibung','{\"	Feld[iŒ'),
 (111,'KommentarStatus','Status eines Kommentars','Zustandsbeschreibung eines Kommentars',78,'Status','{\"	Feld[i');
INSERT INTO `eigenschafts` (`id`,`name`,`beschreibung`,`anmerkung`,`gruppeneigenschaft`,`art`,`verwendung`) VALUES 
 (112,'KommentarPrio','Priorität eines Kommentars','Gewichtung eines Kommentars gegenüber anderen',78,'Wertung','{\"	Feld[i€'),
 (113,'KommentarText','Text des Kommentars','Verbaler Anteil, Bestandteil des Kommentars, der nur aus Text besteht',78,'Beschreibung','{\"	Feld[iƒ'),
 (114,'Strasse','Straße einer Adresse','Straßenname einer Adressangabe',50,'Beschreibung','{\"	Feld[i{'),
 (115,'Ort','Ort einer Adresse','Ortsname einer Adressangabe',50,'Beschreibung','{\"	Feld[iy'),
 (116,'PLZ','Postleitzahl einer Adresse','Postleitzahl einer Adressangabe',50,'Beschreibung','{\"	Feld[iz'),
 (117,'BudgetZeit','verfügbarer Zeitrahmen','Zeit der Mitarbeiter, die verplant werden kann',53,'Beschreibung','{\"	Feld[i~'),
 (118,'BudgetGeld','verfügbares Budget','finanzieller Spielraum der Mitarbeiter',53,'Beschreibung','{\"	Feld[i|'),
 (119,'MaxGeld','maximale Überschreitung des finanziellen Rahmens','Wert der maximalen Überschreitung des finanziellen Spielraums der Mitarbeiter',53,'Beschreibung','{\"	Feld[i}'),
 (120,'MaxZeit','maximale Überschreitung des Zeitrahmens','Wert der maximalen Überschreitung des zeitlichen Rahmens von Mitarbeitern',53,'Beschreibung','{\"	Feld[i{');
INSERT INTO `eigenschafts` (`id`,`name`,`beschreibung`,`anmerkung`,`gruppeneigenschaft`,`art`,`verwendung`) VALUES 
 (121,'TerminDatum','Datum eines Termins','Tag, an dem der Termin stattfindet',89,'Beschreibung','{\"	Feld[i\\'),
 (122,'TerminZeit','Uhrzeit des Termins','Beginn eines Termins',89,'Beschreibung','{\"	Feld[iW'),
 (123,'KalenderDatum','Tag im Kalender','Basiseinheit in üblichen Kalendern',86,'Beschreibung','{\"	Feld[i3'),
 (124,'Kalenderzeit','Zeitangabe im Kalender','Uhrzeit in Stunden und Minuten',86,'Beschreibung','{\"	Feld[i.'),
 (125,'KalenderDauer','betrachteter Zeitbereich','berücksichtigter Zeitdauer ab der angegebenen Uhrzeit des Datensatzes',86,'Beschreibung','{\"	Feld[i4'),
 (126,'KalenderAktion','Nutzung der betrachteten Dauer','durchgeführte Aktivitäten in der angegebenen Zeit',86,'Beschreibung','{\"	Feld[i6'),
 (127,'Protokoll','Dokumentation eines Vorgangs','meist chronologische Beschreibung eines Vorgangs mit Zeit-, Personen- und Aktivitätsangaben',74,'Inhalt','{\"Eigenschaft[i€ii‚iƒi„i…i†i‡iˆi©iªi«i¬'),
 (128,'ProtokollID','ID eines Protokolls','eindeutige Kennung eines Protokolls',127,'Identifikator','{\"	Feld[iQ');
INSERT INTO `eigenschafts` (`id`,`name`,`beschreibung`,`anmerkung`,`gruppeneigenschaft`,`art`,`verwendung`) VALUES 
 (129,'ProtokollName','Überschrift des Protokolls','kurze, möglichst treffende Bezeichnung für ein Protokoll',127,'Name','{\"	Feld[iG'),
 (130,'ProtokollText','Text eines Protokolls','verbale Beschreibung des Protokolls',127,'Beschreibung','{\"	Feld[iL'),
 (131,'ProtokollDatum','Datum des protokollierten Vorgangs','Datum des Vorgangs, der im Protokoll dokumentiert wird',127,'Beschreibung','{\"	Feld[iO'),
 (132,'ProtokollZeit','Uhrzeit des protokollierten Vorgangs','Zeit, an dem der protokollierte Vorgang begann',127,'Beschreibung','{\"	Feld[iE'),
 (133,'ProtokollOrt','Ort des protokollierten Vorgangs','genaue Ortsbezeichnung, an dem der dokumentierte Vorgang stattfand',127,'Beschreibung','{\"	Feld[iR'),
 (134,'ProtokollBeteiligte','Beteiligte an dem protokollierten Vorgang','üblicherweise Namen, Titel und Stellenbezeichnungen von Anwesenden und/oder Mitwirkenden am dokumentierten Vorgang',127,'Beschreibung','{\"	Feld[iU'),
 (135,'ProtokollErstellung','Angaben über die Erstellung des Protokolls','Daten über die Erstellung des Protokolls wie Tag und Autoren',127,'Beschreibung','{\"	Feld[iP');
INSERT INTO `eigenschafts` (`id`,`name`,`beschreibung`,`anmerkung`,`gruppeneigenschaft`,`art`,`verwendung`) VALUES 
 (136,'ProtokollNachtrag','Angaben über Nachträge und Änderungen','Daten über die nachträgliche Änderung des Protokolls wie Tag und Autoren',127,'Beschreibung','{\"	Feld[iT'),
 (137,'AufgabePlan','Planwerte für die Aufgabe','geplante Ressourcen für die Durchführung der Aufgabe',83,'Inhalt','{\"Eigenschaft[	i‹iii‘'),
 (138,'AufgabeIst','Istwerte für die Aufgabe','tatsächlich erforderliche Ressourcen für die Durchführung der Aufgabe',83,'Inhalt','{\"Eigenschaft[\niŒiŽii’i¯'),
 (139,'AufgabePlanID','ID von Planvorgaben einer Aufgabe','eindeutige Kennung von Planvorgaben für eine Aufgabe',137,'Identifikator',''),
 (140,'AufgabeIstID','ID von Istwerten einer Aufgabe','ID von Istwerten einer Aufgabe',138,'Identifikator',''),
 (141,'AufgabePlanKosten','geplante Kosten einer Aufgabe','geplanter Finanzrahmen für einer Aufgabe',137,'Beschreibung','{\"	Feld[i:'),
 (142,'AufgabeIstKosten','Istkosten einer Aufgabe','tatsächlicher Finanzrahmen für einer Aufgabe',138,'Beschreibung','{\"	Feld[iB');
INSERT INTO `eigenschafts` (`id`,`name`,`beschreibung`,`anmerkung`,`gruppeneigenschaft`,`art`,`verwendung`) VALUES 
 (143,'AufgabePlanZeit','geplante Zeitvorgaben für eine Aufgabe','geplanter Zeitrahmen für einer Aufgabe',137,'Beschreibung','{\"	Feld[i<'),
 (144,'AufgabeIstZeit','tatsächlicher Zeitbedarf für eine Aufgabe','tatsächlicher Zeitrahmen für einer Aufgabe',138,'Beschreibung','{\"	Feld[i?'),
 (145,'AufgabePlanKostenstufe','Einstufung der Plankosten','Einstufung der Aufgabe anhand der zu erwartenden Kosten',137,'Wertung','{\"	Feld[iC'),
 (146,'AufgabeIstKostenstufe','Einstufung der Istkosten','Einstufung der Aufgabe anhand der tatsächlichen Kosten',138,'Wertung','{\"	Feld[i@'),
 (147,'AufgabeErgebnis','Ergebnis einer Aufgabe','Zustand nach Beendigung der Aufgabe',83,'Inhalt','{\"	Feld[i9'),
 (148,'AufgabeAbschluss','Datum des Abschlusses','Datum der Beendigung der Aufgabe',83,'Beschreibung','{\"	Feld[i>'),
 (149,'AufgabeStatusKosten','aktueller Zustand der Kosten','aktueller Zustand der Aufgabe hinsichtlich der Kosten',83,'Status','{\"	Feld[i='),
 (150,'AufgabeStatusZeit','aktueller Zustand der Zeitaufwände','aktueller Zustand der Aufgabe hinsichtlich der Kosten',83,'Status','{\"	Feld[iD');
INSERT INTO `eigenschafts` (`id`,`name`,`beschreibung`,`anmerkung`,`gruppeneigenschaft`,`art`,`verwendung`) VALUES 
 (151,'ProjektTyp','Typ eines Projektes','Gruppierungsmerkmal für Projekte',66,'Typ','{\"	Feld[i_'),
 (152,'ProjektWert','Auftragswert eines Projektes','zu erwartender Ertrag des Projektes',66,'Beschreibung','{\"	Feld[io'),
 (153,'ProjektPlan','Planwerte des Projektes','geplante Ressourcen für die Durchführung des Projektes',66,'Inhalt','{\"Eigenschaft[iœi¦'),
 (154,'ProjektIst','Istwerte des Projektes','tatsächlich erforderliche Ressourcen für die Durchführung der Aufgabe',66,'Inhalt','{\"Eigenschaft[ii¥'),
 (155,'ProjektAbweichung','aktuelle Abweichung Plan-Ist','aktuelle Abweichung der Sollvorgaben von den Istwerten',66,'Inhalt','{\"Eigenschaft[ižiŸ'),
 (156,'ProjektPlanZeit','geplante Zeitvorgaben für ein Projekt','geplanter Zeitrahmen eines Projektes (Summenwert der einzelnen Aufgaben)',153,'Beschreibung','{\"	Feld[ic'),
 (157,'ProjektIstZeit','tatsächlicher Zeitbedarf eines Projektes','tatsächlicher Zeitrahmen eines Projektes (Summenwert der einzelnen Aufgaben)',154,'Beschreibung','{\"	Feld[if');
INSERT INTO `eigenschafts` (`id`,`name`,`beschreibung`,`anmerkung`,`gruppeneigenschaft`,`art`,`verwendung`) VALUES 
 (158,'ProjektDiffZeit','Projektabweichung in der Zeit','aktueller Zustand des Projekts hinsichtlich der Zeit',155,'Status','{\"	Feld[in'),
 (159,'ProjektDiffKosten','Abweichung des Projekts hinsichtlich der Kosten','aktueller Zustand des Projekts hinsichtlich der Kosten',155,'Status','{\"	Feld[il'),
 (160,'ProjektErgebnis','Ergebnis eines Projektes','Zustand nach Beendigung eines Projektes',66,'Inhalt','{\"Eigenschaft[	i¡i¢i£i¤'),
 (161,'ProjektZahlungsTag','Eingangsdatum der Zahlung','Datum des Zahlungseingangs für das Projekt',160,'Beschreibung','{\"	Feld[id'),
 (162,'ProjektZahlung','Eingangszahlung des Projektes','Ist-Wert des Projektes',160,'Beschreibung','{\"	Feld[ik'),
 (163,'ProjektZahlungsMoral','Bewertung des Zahlungsverhaltens','Einstufung des Zahlungsverhaltens des Kunden hinsichtlich dieses Projektes und seines Verlaufs',160,'Wertung','{\"	Feld[ie'),
 (164,'ProjektWertstufe','wertmäßige Einstufung des Projektes','Bewertung des Projektes anhand seines tatsächlich erzielten Ertrags',160,'Wertung','{\"	Feld[ij');
INSERT INTO `eigenschafts` (`id`,`name`,`beschreibung`,`anmerkung`,`gruppeneigenschaft`,`art`,`verwendung`) VALUES 
 (165,'ProjektIstKosten','Istkosten eines Projektes','tatsächlicher Finanzrahmen eines Projektes (Summenwert der Aufgaben)',154,'Beschreibung','{\"	Feld[ii'),
 (166,'ProjektPlanKosten','geplante Kosten eines Projektes','geplanter Finanzrahmen eines Projektes (Summenwert der einzelnen Aufgaben)',153,'Beschreibung','{\"	Feld[ia'),
 (167,'ProjektErstellung','Angaben über die Erstellung des Projekts','Daten über die Erstellung des Projekts wie Tag und Verursacher',66,'Inhalt','{\"	Feld[ig'),
 (168,'ProjektAnpassung','Angaben über Projektänderungen','Daten über Änderungen am Projekt wie Tag und Verursacher',66,'Inhalt','{\"	Feld[im'),
 (169,'ProtokollTyp','Art des Protokolls','wie Meetings- oder Vorgehensbeschreibung',127,'Art','{\"	Feld[iF'),
 (170,'ProtokollTypAktion','Aktion oder Hilfsmittel als Typ','wie Verfahren, Entscheidungen, Ressourcen und Durchführung',127,'Typ','{\"	Feld[iJ'),
 (171,'ProtokollTypErgebnis','typisiertes Ergebnis','wie Erfolg, Förderung, Gefährdung und Versagen',127,'Typ','{\"	Feld[iH');
INSERT INTO `eigenschafts` (`id`,`name`,`beschreibung`,`anmerkung`,`gruppeneigenschaft`,`art`,`verwendung`) VALUES 
 (172,'ProtokollTypGegenstand','typisierter Gegenstand eines Protokolls','wie Kerngeschäft, Verwaltung, Information und Kommunikation',127,'Typ','{\"	Feld[iS'),
 (173,'DateiTyp','Typgewicht der Datei','Das Typgewicht einer Datei bestimmt sich aus den Eigen- und Profilgewichten der relevanten Felder',7,'Art','{\"	Feld[i'),
 (174,'AufgabeErgebnisText','abschließende Beschreibung der Aufgabe','abschließende Bewertung der Aufgabe',83,'Anmerkung','{\"	Feld[i~'),
 (175,'AufgabeIstTage','tatsächliche Zeit der Aufgabe in Tagen','tatsächlich benötigte Tage für die Aufgabe',138,'Beschreibung','{\"	Feld[i}');


--
-- Table structure for table `firstrails`.`felds`
--

CREATE TABLE `felds` (
  `id` int(11) NOT NULL auto_increment,
  `name` varchar(50) NOT NULL,
  `datei` int(11) NOT NULL,
  `beschreibung` varchar(100) NOT NULL,
  `redundant` int(11) NOT NULL,
  `anzahl` int(11) NOT NULL,
  `eigengewicht` float NOT NULL,
  `eigenschaft` int(11) NOT NULL,
  `tentakelzahl` int(11) NOT NULL,
  `profilgewicht` float NOT NULL,
  `vorgaenger` int(11) NOT NULL,
  `portaldistanz` float NOT NULL,
  `portalgewicht` float NOT NULL,
  `nachfolger` int(11) NOT NULL,
  `exitdistanz` float NOT NULL,
  `exitgewicht` float NOT NULL,
  `typaufgabe` varchar(10) NOT NULL,
  `typfeld` varchar(10) NOT NULL,
  PRIMARY KEY  (`id`)
) ENGINE=InnoDB DEFAULT CHARSET=latin1;

--
-- Dumping data for table `firstrails`.`felds`
--

INSERT INTO `felds` (`id`,`name`,`datei`,`beschreibung`,`redundant`,`anzahl`,`eigengewicht`,`eigenschaft`,`tentakelzahl`,`profilgewicht`,`vorgaenger`,`portaldistanz`,`portalgewicht`,`nachfolger`,`exitdistanz`,`exitgewicht`,`typaufgabe`,`typfeld`) VALUES 
 (1,'liste',1,'Listenname',0,4,0.333333,25,1,0.25,0,0,0,0,0,0,'--','+-'),
 (2,'listKey',1,'Listenschlüssel',0,40,0.025641,28,1,0.25,0,0,0,0,0,0,'--','--'),
 (3,'beschreibung',1,'Beschreibung des Listenelementes',0,40,0.025641,29,1,0.25,0,0,0,0,0,0,'--','--'),
 (4,'id',1,'ID des Listenelementes',0,40,0.025641,26,1,0.25,0,0,0,0,0,0,'--','--'),
 (5,'name',3,'Dateiname',0,101,0.01,11,1,0.25,0,0,0,0,0,0,'--','--'),
 (6,'classifier',3,'klassifizierendes Feld der Datei',0,101,0.01,15,1,0.25,0,0,0,0,0,0,'--','--'),
 (7,'beschreibung',3,'Dateis, Beschreibung',0,101,0.01,12,1,0.25,0,0,0,0,0,0,'--','--'),
 (8,'fields',3,'Feldliste der Datei',0,101,0.01,16,1,0.25,31,1,0.25,0,0,0,'--','--'),
 (9,'modul',3,'Gruppierung von Dateien',0,10,0.111111,4,1,0.25,0,0,0,0,0,0,'--','--'),
 (10,'adapter',3,'Datenbank-Zugang',0,1,1,6,1,0.25,0,0,0,0,0,0,'--','+-');
INSERT INTO `felds` (`id`,`name`,`datei`,`beschreibung`,`redundant`,`anzahl`,`eigengewicht`,`eigenschaft`,`tentakelzahl`,`profilgewicht`,`vorgaenger`,`portaldistanz`,`portalgewicht`,`nachfolger`,`exitdistanz`,`exitgewicht`,`typaufgabe`,`typfeld`) VALUES 
 (11,'id',3,'ID der Datei',0,101,0.01,10,1,0.25,0,0,0,0,0,0,'--','--'),
 (12,'records',3,'Anzahl der Datensätze',0,101,0.01,13,1,0.25,0,0,0,0,0,0,'--','--'),
 (13,'datenbank',3,'Datenbank der Datei',0,5,0.25,5,1,0.25,0,0,0,0,0,0,'--','+-'),
 (14,'typgewicht',3,'Typgewicht einer Datei',0,101,0.01,173,1,0.25,25,1,0.25,0,0,0,'--','--'),
 (15,'key',3,'Schlüsselfelder der Datei',0,101,0.01,14,1,0.25,0,0,0,0,0,0,'--','--'),
 (16,'verwendung',2,'Verwendung der Eigenschaft',0,1001,0.001,24,1,0.25,0,0,0,0,0,0,'--','--'),
 (17,'name',2,'Name der Eigenschaft',0,1001,0.001,19,1,0.25,0,0,0,0,0,0,'--','--'),
 (18,'beschreibung',2,'Beschreibung der Eigenschaft',0,1001,0.001,20,1,0.25,0,0,0,0,0,0,'--','--'),
 (19,'art',2,'Art der Eigenschaft',0,10,0.111111,23,1,0.25,0,0,0,0,0,0,'--','--'),
 (20,'gruppeneigenschaft',2,'Gruppeneigenschaft',0,1001,0.001,22,1,0.25,0,0,0,0,0,0,'--','--');
INSERT INTO `felds` (`id`,`name`,`datei`,`beschreibung`,`redundant`,`anzahl`,`eigengewicht`,`eigenschaft`,`tentakelzahl`,`profilgewicht`,`vorgaenger`,`portaldistanz`,`portalgewicht`,`nachfolger`,`exitdistanz`,`exitgewicht`,`typaufgabe`,`typfeld`) VALUES 
 (21,'id',2,'ID der Eigenschaft',0,1001,0.001,18,1,0.25,0,0,0,0,0,0,'--','--'),
 (22,'anmerkung',2,'erläuternde Anmerkungen zur Eigenschaft',0,1001,0.001,21,1,0.25,0,0,0,0,0,0,'--','--'),
 (23,'name',4,'Feldname',0,1001,0.001,35,1,0.25,0,0,0,0,0,0,'--','--'),
 (24,'portalgewicht',4,'Portalgewicht eines Feldes',0,11,0.1,44,1,0.25,0,0,0,0,0,0,'--','--'),
 (25,'eigengewicht',4,'Eigengewicht des Feldes',0,1001,0.001,39,1,0.25,0,0,0,0,0,0,'--','--'),
 (26,'exitdistanz',4,'Exitdistanz eines Feldes',0,11,0.1,46,1,0.25,0,0,0,0,0,0,'--','--'),
 (27,'vorgaenger',4,'Vorgänger eines Feldes aus einer anderen Datei',0,1001,0.001,42,1,0.25,0,0,0,0,0,0,'--','--'),
 (28,'beschreibung',4,'Beschreibung eines Feldes',0,1001,0.001,36,1,0.25,0,0,0,0,0,0,'--','--'),
 (29,'exitgewicht',4,'Exitgewicht eines Feldes',0,11,0.1,47,1,0.25,0,0,0,0,0,0,'--','--');
INSERT INTO `felds` (`id`,`name`,`datei`,`beschreibung`,`redundant`,`anzahl`,`eigengewicht`,`eigenschaft`,`tentakelzahl`,`profilgewicht`,`vorgaenger`,`portaldistanz`,`portalgewicht`,`nachfolger`,`exitdistanz`,`exitgewicht`,`typaufgabe`,`typfeld`) VALUES 
 (30,'datei',4,'Datei des Feldes',0,101,0.01,7,1,0.25,11,1,0.25,0,0,0,'--','--'),
 (31,'id',4,'ID eines Feldes',0,1001,0.001,34,1,0.25,0,0,0,0,0,0,'--','--'),
 (32,'typfeld',4,'feldspezifischer Typ eines Feldes',0,4,0.333333,49,1,0.25,0,0,0,0,0,0,'--','+-'),
 (33,'anzahl',4,'Anzahl der Feldwerte',0,1001,0.001,38,1,0.25,0,0,0,0,0,0,'--','--'),
 (34,'redundant',4,'anderes Feld der Datei, das den Inhalt dieses Feldes bestimmt',0,1001,0.001,37,1,0.25,0,0,0,0,0,0,'--','--'),
 (35,'profilgewicht',4,'Profilgewicht des Feldes',0,11,0.1,41,1,0.25,0,0,0,0,0,0,'--','--'),
 (36,'eigenschaft',4,'Eigenschaft des Feldes',0,1001,0.001,17,1,0.25,21,1,0.25,0,0,0,'--','--'),
 (37,'typaufgabe',4,'aufgabenspezifischer Typ eines Feldes',0,4,0.333333,48,1,0.25,0,0,0,0,0,0,'--','+-'),
 (38,'tentakelzahl',4,'Tentakelzahl des Feldes innerhalb der Datenbank',0,11,0.1,40,1,0.25,0,0,0,0,0,0,'--','--');
INSERT INTO `felds` (`id`,`name`,`datei`,`beschreibung`,`redundant`,`anzahl`,`eigengewicht`,`eigenschaft`,`tentakelzahl`,`profilgewicht`,`vorgaenger`,`portaldistanz`,`portalgewicht`,`nachfolger`,`exitdistanz`,`exitgewicht`,`typaufgabe`,`typfeld`) VALUES 
 (39,'nachfolger',4,'Nachfolger eines Feldes aus einer anderen Datei',0,1001,0.001,45,1,0.25,0,0,0,0,0,0,'--','--'),
 (40,'portaldistanz',4,'Portaldistanz eines Feldes',0,11,0.1,43,1,0.25,0,0,0,0,0,0,'--','--'),
 (41,'zeit',5,'Uhrzeit des Kalendereintrags',0,96,0.0105263,124,1,0.125,0,0,0,0,0,0,'--','--'),
 (42,'terminID',5,'zugehöriger Termin zum Kalendereintrag',0,20001,5e-005,90,1,0.125,88,1,0.125,0,0,0,'--','--'),
 (43,'projektID',5,'Projekt des Kalendereintrags',0,1001,0.001,67,1,0.125,99,1,0.125,0,0,0,'--','--'),
 (44,'mitarbeiterID',5,'maßgeblicher Mitarbeiter für den Kalendereintrag',0,2,1,54,2,0.25,122,1,0.125,0,0,0,'--','++'),
 (45,'aufgabeID',5,'maßgebliche Aufgabe für den Kalendereintrag',0,20001,5e-005,84,1,0.125,60,1,0.125,0,0,0,'--','--'),
 (46,'datum',5,'Kalenderdatum',0,3500,0.000285796,123,1,0.125,0,0,0,0,0,0,'--','--');
INSERT INTO `felds` (`id`,`name`,`datei`,`beschreibung`,`redundant`,`anzahl`,`eigengewicht`,`eigenschaft`,`tentakelzahl`,`profilgewicht`,`vorgaenger`,`portaldistanz`,`portalgewicht`,`nachfolger`,`exitdistanz`,`exitgewicht`,`typaufgabe`,`typfeld`) VALUES 
 (47,'dauer',5,'Kalendereintrag ist verplant: ja/nein',0,2,1,125,1,0.125,0,0,0,0,0,0,'--','+-'),
 (48,'id',5,'ID des Kalendereintrags',0,300001,3.33333e-006,87,1,0.125,0,0,0,0,0,0,'--','--'),
 (49,'aktion',5,'Kalendereintrag ist realisiert ja/nein',0,2,1,126,1,0.125,0,0,0,0,0,0,'--','+-'),
 (50,'name',6,'charakteristische Bezeichnung für die Aufgabe',0,20001,5e-005,85,1,0.125,0,0,0,0,0,0,'--','--'),
 (51,'projektID',6,'zur Aufgabe gehöriges Projekt',0,1001,0.001,67,1,0.125,99,1,0.125,0,0,0,'--','--'),
 (52,'ergebnis',6,'Ergebnis (typisiert)',0,3,0.5,147,1,0.125,0,0,0,0,0,0,'--','+-'),
 (53,'plankosten',6,'geplante Kosten',0,20001,5e-005,141,1,0.125,0,0,0,0,0,0,'--','--'),
 (54,'mitarbeiterID',6,'verantwortliche Mitarbeiter für die Aufgabe',0,2,1,54,2,0.25,122,1,0.125,0,0,0,'--','++'),
 (55,'planzeit',6,'geplante Zeit (in Tagen)',0,10,0.111111,143,1,0.125,47,1,0.125,0,0,0,'--','+-');
INSERT INTO `felds` (`id`,`name`,`datei`,`beschreibung`,`redundant`,`anzahl`,`eigengewicht`,`eigenschaft`,`tentakelzahl`,`profilgewicht`,`vorgaenger`,`portaldistanz`,`portalgewicht`,`nachfolger`,`exitdistanz`,`exitgewicht`,`typaufgabe`,`typfeld`) VALUES 
 (56,'statuskosten',6,'Kostenskala',0,6,0.2,149,1,0.125,0,0,0,0,0,0,'--','+-'),
 (57,'abschluss',6,'Beendigungsdatum',0,3500,0.000285796,148,1,0.125,0,0,0,0,0,0,'--','--'),
 (58,'istzeit',6,'tatsächliche Zeit (in Viertelstunden)',0,320,0.0031348,144,1,0.125,49,1,0.125,0,0,0,'--','--'),
 (59,'istkostenstufe',6,'Istkostenskala',0,6,0.2,146,1,0.125,0,0,0,0,0,0,'--','+-'),
 (60,'id',6,'ID der Aufgabe',0,20001,5e-005,84,1,0.125,0,0,0,0,0,0,'--','--'),
 (61,'istkosten',6,'tatsächliche Kosten der Aufgabe',0,20001,5e-005,142,1,0.125,0,0,0,0,0,0,'--','--'),
 (62,'plankostenstufe',6,'Plankostenskala',0,6,0.2,145,1,0.125,0,0,0,0,0,0,'--','+-'),
 (63,'statuszeit',6,'Zeitskala',0,6,0.2,150,1,0.125,0,0,0,0,0,0,'--','+-'),
 (64,'zeit',7,'Uhrzeit des Protokolls',0,56,0.0181818,132,1,0.125,0,0,0,0,0,0,'--','--'),
 (65,'typ',7,'Art des Protokolls',0,6,0.2,169,1,0.125,0,0,0,0,0,0,'--','+-');
INSERT INTO `felds` (`id`,`name`,`datei`,`beschreibung`,`redundant`,`anzahl`,`eigengewicht`,`eigenschaft`,`tentakelzahl`,`profilgewicht`,`vorgaenger`,`portaldistanz`,`portalgewicht`,`nachfolger`,`exitdistanz`,`exitgewicht`,`typaufgabe`,`typfeld`) VALUES 
 (66,'name',7,'Kurzbeschreibung des Protokolls',0,20001,5e-005,129,1,0.125,0,0,0,0,0,0,'--','--'),
 (67,'typergebnis',7,'Ergebnistyp des Protokolls',0,5,0.25,171,1,0.125,0,0,0,0,0,0,'--','+-'),
 (68,'projektID',7,'maßgebliches Projekt für das Protokoll',0,1001,0.001,67,1,0.125,99,1,0.125,0,0,0,'--','--'),
 (69,'typaktion',7,'Aktionstyp des Protokolls',0,5,0.25,170,1,0.125,0,0,0,0,0,0,'--','+-'),
 (70,'mitarbeiterID',7,'protokollierende Mitarbeiter',0,2,1,54,2,0.25,122,1,0.125,0,0,0,'--','++'),
 (71,'text',7,'Protokolltext',0,20001,5e-005,130,1,0.125,0,0,0,0,0,0,'--','--'),
 (72,'aufgabeID',7,'maßgebliche Aufgabe für das Protokoll',0,20001,5e-005,84,1,0.125,60,1,0.125,0,0,0,'--','--'),
 (73,'dokumentID',7,'zum Protokoll hinterlegtes Dokument',0,1000001,1e-006,59,2,0.25,0,0,0,0,0,0,'--','-+'),
 (74,'datum',7,'Protokoll-Datum',0,3500,0.000285796,131,1,0.125,0,0,0,0,0,0,'--','--');
INSERT INTO `felds` (`id`,`name`,`datei`,`beschreibung`,`redundant`,`anzahl`,`eigengewicht`,`eigenschaft`,`tentakelzahl`,`profilgewicht`,`vorgaenger`,`portaldistanz`,`portalgewicht`,`nachfolger`,`exitdistanz`,`exitgewicht`,`typaufgabe`,`typfeld`) VALUES 
 (75,'erstellung',7,'Protokoll-Erstellung-Datum',0,3500,0.000285796,135,1,0.125,0,0,0,-1,9,1.125,'-+','--'),
 (76,'id',7,'Protokoll-Id',0,20001,5e-005,128,1,0.125,0,0,0,0,0,0,'--','--'),
 (77,'ort',7,'Protokoll-Ort',0,101,0.01,133,1,0.125,0,0,0,0,0,0,'--','--'),
 (78,'typgegenstand',7,'typisierter Gegenstand des Protokolls',0,5,0.25,172,1,0.125,0,0,0,0,0,0,'--','+-'),
 (79,'nachtrag',7,'Protokoll-Nachtrags-Datum',0,3500,0.000285796,136,1,0.125,0,0,0,-1,9,1.125,'-+','--'),
 (80,'beteiligte',7,'Beteiligte am protokollierten Ereignis',0,101,0.01,134,1,0.125,0,0,0,0,0,0,'--','--'),
 (81,'kundeID',8,'maßgeblicher Kunde für den Termin',0,101,0.01,56,1,0.125,115,1,0.125,0,0,0,'--','--'),
 (82,'zeit',8,'Uhrzeit des Termins',0,56,0.0181818,122,1,0.125,0,0,0,0,0,0,'--','--'),
 (83,'name',8,'Grund, Kurzcharakterisierung des Termins',0,10,0.111111,91,1,0.125,0,0,0,0,0,0,'--','+-');
INSERT INTO `felds` (`id`,`name`,`datei`,`beschreibung`,`redundant`,`anzahl`,`eigengewicht`,`eigenschaft`,`tentakelzahl`,`profilgewicht`,`vorgaenger`,`portaldistanz`,`portalgewicht`,`nachfolger`,`exitdistanz`,`exitgewicht`,`typaufgabe`,`typfeld`) VALUES 
 (84,'projektID',8,'maßgebliches Projekt für den Termin',0,1001,0.001,67,1,0.125,99,1,0.125,0,0,0,'--','--'),
 (85,'mitarbeiterID',8,'maßgeblicher Mitarbeiter für den Termin',0,2,1,54,2,0.25,122,1,0.125,0,0,0,'--','++'),
 (86,'aufgabeID',8,'maßgebliche Aufgabe für den Termin',0,20001,5e-005,84,1,0.125,60,1,0.125,0,0,0,'--','--'),
 (87,'datum',8,'Termindatum',0,3500,0.000285796,121,1,0.125,0,0,0,0,0,0,'--','--'),
 (88,'id',8,'ID des Termins',0,20001,5e-005,90,1,0.125,0,0,0,0,0,0,'--','--'),
 (89,'kundeID',9,'Projekte, Kundeid',0,101,0.01,56,1,0.125,115,1,0.125,0,0,0,'--','--'),
 (90,'typ',9,'Projekt-Typ',0,6,0.2,151,1,0.125,0,0,0,0,0,0,'--','+-'),
 (91,'name',9,'Projektbezeichnung',0,1001,0.001,68,1,0.125,0,0,0,0,0,0,'--','--'),
 (92,'plankosten',9,'geplante Projektkosten',0,1001,0.001,166,1,0.125,53,1,0.125,0,0,0,'--','--');
INSERT INTO `felds` (`id`,`name`,`datei`,`beschreibung`,`redundant`,`anzahl`,`eigengewicht`,`eigenschaft`,`tentakelzahl`,`profilgewicht`,`vorgaenger`,`portaldistanz`,`portalgewicht`,`nachfolger`,`exitdistanz`,`exitgewicht`,`typaufgabe`,`typfeld`) VALUES 
 (93,'mitarbeiterID',9,'verantwortliche Mitarbeiter',0,2,1,54,2,0.25,122,1,0.125,0,0,0,'--','++'),
 (94,'planzeit',9,'geplante Projektdauer',0,120,0.00840336,156,1,0.125,55,2,0.25,0,0,0,'+-','--'),
 (95,'zahlungstag',9,'Zahlungstag',0,1001,0.001,161,1,0.125,0,0,0,0,0,0,'--','--'),
 (96,'zahlungsmoral',9,'Zahlungsmoral',0,6,0.2,163,1,0.125,0,0,0,0,0,0,'--','+-'),
 (97,'istzeit',9,'tatsächliche Projektdauer',0,1001,0.001,157,1,0.125,58,2,0.25,0,0,0,'+-','--'),
 (98,'erstellung',9,'Anlagedatum des Projektes',0,1001,0.001,167,1,0.125,0,0,0,-1,9,1.125,'-+','--'),
 (99,'id',9,'ID des Projektes',0,1001,0.001,67,1,0.125,0,0,0,0,0,0,'--','--'),
 (100,'istkosten',9,'tatsächliche Kosten des Projektes',0,1001,0.001,165,1,0.125,61,1,0.125,0,0,0,'--','--'),
 (101,'wertstufe',9,'Wertstufe des Projektes',0,6,0.2,164,1,0.125,61,1,0.125,0,0,0,'--','+-');
INSERT INTO `felds` (`id`,`name`,`datei`,`beschreibung`,`redundant`,`anzahl`,`eigengewicht`,`eigenschaft`,`tentakelzahl`,`profilgewicht`,`vorgaenger`,`portaldistanz`,`portalgewicht`,`nachfolger`,`exitdistanz`,`exitgewicht`,`typaufgabe`,`typfeld`) VALUES 
 (102,'zahlung',9,'Zahlungsbetrag',0,1001,0.001,162,1,0.125,0,0,0,0,0,0,'--','--'),
 (103,'diffkosten',9,'Abweichung der Kosten (typisiert)',0,6,0.2,159,1,0.125,61,1,0.125,0,0,0,'--','+-'),
 (104,'anpassung',9,'Datum der letzten Projektänderung',0,1001,0.001,168,1,0.125,0,0,0,-1,9,1.125,'-+','--'),
 (105,'diffzeit',9,'Abweichung von den Zeitvorgaben (typisiert)',0,6,0.2,158,1,0.125,58,2,0.25,0,0,0,'+-','+-'),
 (106,'wert',9,'Auftragswert des Projektes',0,1001,0.001,152,1,0.125,0,0,0,0,0,0,'--','--'),
 (107,'projektID',10,'Projekt-ID',0,1001,0.001,67,1,0.125,99,1,0.125,0,0,0,'--','--'),
 (108,'mitarbeiterID',10,'verantwortliche Mitarbeiter',0,2,1,54,2,0.25,122,1,0.125,0,0,0,'--','++'),
 (109,'id',10,'ID des Strukturelementes',0,20001,5e-005,93,1,0.125,0,0,0,0,0,0,'--','--'),
 (110,'aufgabeID_1',10,'Vorgänger-Aufgabe',0,20001,5e-005,84,1,0.125,60,1,0.125,0,0,0,'--','--');
INSERT INTO `felds` (`id`,`name`,`datei`,`beschreibung`,`redundant`,`anzahl`,`eigengewicht`,`eigenschaft`,`tentakelzahl`,`profilgewicht`,`vorgaenger`,`portaldistanz`,`portalgewicht`,`nachfolger`,`exitdistanz`,`exitgewicht`,`typaufgabe`,`typfeld`) VALUES 
 (111,'aufgabeID_2',10,'Nachfolger-Aufgabe',0,20001,5e-005,84,1,0.125,60,1,0.125,0,0,0,'--','--'),
 (112,'position',10,'Positionsangabe innerhalb der Struktur',0,20,0.0526316,96,1,0.125,0,0,0,0,0,0,'--','--'),
 (113,'name',11,'Kundenname',0,1001,0.001,81,1,0.125,0,0,0,0,0,0,'--','--'),
 (114,'MitarbeiterID',11,'zuständig für diese Kunden',0,2,1,54,2,0.25,122,1,0.125,0,0,0,'--','++'),
 (115,'id',11,'ID der Kunden',0,101,0.01,56,1,0.125,0,0,0,0,0,0,'--','--'),
 (116,'ort',11,'Ort der Kundenadresse',0,101,0.01,115,1,0.125,0,0,0,0,0,0,'--','--'),
 (117,'plz',11,'Postleitzahl der Kundenadresse',0,101,0.01,116,1,0.125,0,0,0,0,0,0,'--','--'),
 (118,'strasse',11,'Straße der Kundenadresse',0,101,0.01,114,1,0.125,0,0,0,0,0,0,'--','--'),
 (119,'name',12,'Name der Mitarbeiter',0,2,1,82,1,0.125,0,0,0,0,0,0,'--','+-');
INSERT INTO `felds` (`id`,`name`,`datei`,`beschreibung`,`redundant`,`anzahl`,`eigengewicht`,`eigenschaft`,`tentakelzahl`,`profilgewicht`,`vorgaenger`,`portaldistanz`,`portalgewicht`,`nachfolger`,`exitdistanz`,`exitgewicht`,`typaufgabe`,`typfeld`) VALUES 
 (120,'maxgeld',12,'Maximales Überschreiten des Kosten-Budgets',0,2,1,119,1,0.125,0,0,0,0,0,0,'--','+-'),
 (121,'budgetzeit',12,'Zeit-Budget',0,2,1,117,1,0.125,0,0,0,0,0,0,'--','+-'),
 (122,'id',12,'ID der Mitarbeiter',0,2,1,54,2,0.25,0,0,0,0,0,0,'--','++'),
 (123,'maxzeit',12,'Maximales Überschreiten des Zeit-Budgets',0,2,1,120,1,0.125,0,0,0,0,0,0,'--','+-'),
 (124,'budgetgeld',12,'Monetäres Budget',0,2,1,118,1,0.125,0,0,0,0,0,0,'--','+-'),
 (125,'isttage',6,'benötigte Zeit in Tagen',0,10,0.111111,175,1,0.125,49,1,0.125,0,0,0,'--','+-'),
 (126,'ergebnistext',6,'Abschlussbeschreibung',0,20001,5e-005,174,1,0.125,0,0,0,0,0,0,'--','--'),
 (127,'status',13,'Status des Kommentars',0,3,0.5,111,1,0.25,0,0,0,0,0,0,'--','+-'),
 (128,'prio',13,'Priorität des Kommentars',0,3,0.5,112,1,0.25,0,0,0,0,0,0,'--','+-'),
 (129,'produktID',13,'Produkt des Kommentars',0,1001,0.001,61,2,0.5,0,0,0,0,0,0,'--','-+');
INSERT INTO `felds` (`id`,`name`,`datei`,`beschreibung`,`redundant`,`anzahl`,`eigengewicht`,`eigenschaft`,`tentakelzahl`,`profilgewicht`,`vorgaenger`,`portaldistanz`,`portalgewicht`,`nachfolger`,`exitdistanz`,`exitgewicht`,`typaufgabe`,`typfeld`) VALUES 
 (130,'mitarbeiterID',13,'Autor',0,2,1,54,2,0.5,0,0,0,0,0,0,'--','++'),
 (131,'text',13,'Kommentartext',0,1000001,1e-006,113,1,0.25,0,0,0,0,0,0,'--','--'),
 (132,'dokumentID',13,'Kommentare, Dokumentid',0,1000001,1e-006,59,2,0.5,154,1,0.25,0,0,0,'--','-+'),
 (133,'id',13,'ID des Kommentars',0,1000001,1e-006,79,1,0.25,0,0,0,0,0,0,'--','--'),
 (134,'abteilung',13,'Abteilung des Autors',0,2,1,106,2,0.5,0,0,0,0,0,0,'--','++'),
 (135,'termin',13,'Termin des Kommentars',0,1001,0.001,89,1,0.25,0,0,0,0,0,0,'--','--'),
 (136,'typ',14,'Typ des Schlagwortes',0,12,0.0909091,107,2,0.5,0,0,0,0,0,0,'--','-+'),
 (137,'name',14,'eindeutige Bezeichnung des Schlagwortes',0,1001,0.001,77,1,0.25,0,0,0,0,0,0,'--','--'),
 (138,'art',14,'Schlagwort-Art',0,3,0.5,108,1,0.25,0,0,0,0,0,0,'--','+-'),
 (139,'extern',14,'Schlagwort in einer anderen Terminologie',0,2001,0.0005,109,1,0.25,0,0,0,-1,5,1.25,'-+','--');
INSERT INTO `felds` (`id`,`name`,`datei`,`beschreibung`,`redundant`,`anzahl`,`eigengewicht`,`eigenschaft`,`tentakelzahl`,`profilgewicht`,`vorgaenger`,`portaldistanz`,`portalgewicht`,`nachfolger`,`exitdistanz`,`exitgewicht`,`typaufgabe`,`typfeld`) VALUES 
 (140,'phon',14,'phonetische Darstellung des Schlagwortes',0,351,0.00285714,110,1,0.25,0,0,0,-1,5,1.25,'-+','--'),
 (141,'id',14,'Schlagworte, Id',0,3001,0.000333333,76,3,0.75,0,0,0,0,0,0,'--','-+'),
 (142,'status',15,'Änderungsstand des Dokumentes',0,121,0.00833333,98,1,0.25,0,0,0,0,0,0,'--','--'),
 (143,'typ',15,'Dokumenten-Typ',0,4,0.333333,97,1,0.25,0,0,0,0,0,0,'--','+-'),
 (144,'name',15,'Dokumentenbezeichnung',0,1000001,1e-006,60,1,0.25,0,0,0,0,0,0,'--','--'),
 (145,'format',15,'Format des Dokumentes',0,10,0.111111,99,1,0.25,0,0,0,0,0,0,'--','--'),
 (146,'schlagwortTyp_A1',15,'Typ des Schlagworts der Art (1)',0,12,0.0909091,107,2,0.5,136,1,0.25,0,0,0,'--','-+'),
 (147,'produktID',15,'für das Dokument maßgebliche Produkt',0,1001,0.001,61,2,0.5,0,0,0,0,0,0,'--','-+'),
 (148,'mitarbeiterID',15,'für das Dokument verantwortliche Person',0,2,1,54,2,0.5,0,0,0,0,0,0,'--','++');
INSERT INTO `felds` (`id`,`name`,`datei`,`beschreibung`,`redundant`,`anzahl`,`eigengewicht`,`eigenschaft`,`tentakelzahl`,`profilgewicht`,`vorgaenger`,`portaldistanz`,`portalgewicht`,`nachfolger`,`exitdistanz`,`exitgewicht`,`typaufgabe`,`typfeld`) VALUES 
 (149,'text',15,'Dokumenten-Text',0,1000001,1e-006,101,1,0.25,0,0,0,0,0,0,'--','--'),
 (150,'schlagwortTyp_A2',15,'Typ des Schlagworts der Art (2)',0,12,0.0909091,107,2,0.5,136,1,0.25,0,0,0,'--','-+'),
 (151,'schlagwortTyp_A3',15,'Typ des Schlagworts der Art (3)',0,12,0.0909091,107,2,0.5,136,1,0.25,0,0,0,'--','-+'),
 (152,'schlagwortID_A1',15,'Schlagwort der Art (1)',0,3001,0.000333333,76,3,0.75,141,1,0.25,0,0,0,'--','-+'),
 (153,'schlagwortID_A2',15,'Dokumente, Schlagwortid_a2',0,3001,0.000333333,76,3,0.75,141,1,0.25,0,0,0,'--','-+'),
 (154,'id',15,'ID des Dokumentes',0,1000001,1e-006,59,2,0.5,0,0,0,0,0,0,'--','-+'),
 (155,'schlagwortID_A3',15,'Dokumente, Schlagwortid_a3',0,3001,0.000333333,76,3,0.75,141,1,0.25,0,0,0,'--','-+'),
 (156,'abteilung',15,'besitzende Abteilung',0,2,1,106,2,0.5,0,0,0,0,0,0,'--','++'),
 (157,'pfad',15,'Pfad des Dokumentes',0,251,0.004,100,1,0.25,0,0,0,0,0,0,'--','--');
INSERT INTO `felds` (`id`,`name`,`datei`,`beschreibung`,`redundant`,`anzahl`,`eigengewicht`,`eigenschaft`,`tentakelzahl`,`profilgewicht`,`vorgaenger`,`portaldistanz`,`portalgewicht`,`nachfolger`,`exitdistanz`,`exitgewicht`,`typaufgabe`,`typfeld`) VALUES 
 (158,'typ',16,'Verknüpfungstyp',0,3,0.5,95,1,0.25,0,0,0,0,0,0,'--','+-'),
 (159,'schlagwortID_1',16,'Schlagwort 1',0,3001,0.000333333,76,3,0.75,141,1,0.25,0,0,0,'--','-+'),
 (160,'baum',16,'Kennung der Schlagwortstruktur',0,20001,5e-005,94,1,0.25,0,0,0,-1,5,1.25,'-+','--'),
 (161,'id',16,'ID der Schlagwortverknüpfung',0,20001,5e-005,93,1,0.25,0,0,0,0,0,0,'--','--'),
 (162,'schlagwortID_2',16,'Schlagwort 2',0,3001,0.000333333,76,3,0.75,141,1,0.25,0,0,0,'--','-+'),
 (163,'position',16,'Links, Position',0,1001,0.001,96,1,0.25,0,0,0,0,0,0,'--','--');


--
-- Table structure for table `firstrails`.`lists`
--

CREATE TABLE `lists` (
  `id` int(11) NOT NULL auto_increment,
  `liste` varchar(10) NOT NULL,
  `listKey` varchar(50) NOT NULL,
  `beschreibung` varchar(50) NOT NULL,
  PRIMARY KEY  (`id`),
  KEY `list` (`liste`,`listKey`)
) ENGINE=InnoDB DEFAULT CHARSET=latin1;

--
-- Dumping data for table `firstrails`.`lists`
--

INSERT INTO `lists` (`id`,`liste`,`listKey`,`beschreibung`) VALUES 
 (1,'Liste','Liste','Listenverzeichnis'),
 (2,'Liste','typfeld','feldbezogener Feldtyp'),
 (4,'typfeld','-+','dokumentierend'),
 (5,'Liste','EigenArt','Arten von Eigenschaften'),
 (6,'EigenArt','Inhalt','Gegenstand des Interesses, Bestandteil von logisch'),
 (7,'EigenArt','Identifikator','eineindeutige Kennung eines Inhaltes zur zweifelsf'),
 (8,'EigenArt','Name','möglichst eindeutige Bezeichnung für einen Inhalt'),
 (9,'EigenArt','Typ','Gruppierungsmerkmal für einen Inhalt'),
 (10,'EigenArt','Art','charakterisierender Typ eines Inhaltes'),
 (11,'EigenArt','Beschreibung','Erläuterungen zu Inhalten'),
 (12,'EigenArt','Anmerkung','weitere Hinweise und Klarstellungen zu einem Inhal'),
 (13,'EigenArt','Redundanz','Informationen, die nur aus Bequemlichkeit abgespei'),
 (14,'EigenArt','Status','Zustandsbeschreibung von Inhalten'),
 (15,'EigenArt','Wertung','Beurteilung von Inhalten'),
 (16,'Liste','typaufgabe','aufgabenbezogener Feldtyp'),
 (17,'typaufgabe','--','aufzeichnend');
INSERT INTO `lists` (`id`,`liste`,`listKey`,`beschreibung`) VALUES 
 (18,'typaufgabe','-+','stempelnd'),
 (19,'typaufgabe','+-','auswertend'),
 (20,'typaufgabe','++','umleitend'),
 (21,'typfeld','--','deskriptiv'),
 (22,'typfeld','++','klassifizierend'),
 (23,'typfeld','+-','akzentuierend');

